048 and 95263.
217
Calculate the greatest common divisor of 9139 and 52325.
13
What is the highest common divisor of 508614 and 5253?
309
What is the highest common factor of 1577478 and 598?
46
What is the highest common factor of 222417701 and 11?
11
Calculate the greatest common divisor of 1627827 and 393949.
7433
What is the greatest common divisor of 2618 and 150598784?
238
What is the greatest common factor of 167743101 and 633?
633
What is the greatest common factor of 7600 and 5466680?
760
Calculate the greatest common divisor of 3920906 and 506.
22
Calculate the greatest common divisor of 18335672 and 8.
8
Calculate the greatest common divisor of 479665 and 4140.
115
Calculate the highest common divisor of 1061266 and 598.
46
Calculate the highest common factor of 81200 and 680920.
1160
What is the greatest common factor of 9782808 and 16?
8
What is the highest common factor of 669377535 and 5570?
2785
Calculate the greatest common factor of 13 and 589062656.
13
Calculate the greatest common factor of 1712535 and 63.
3
What is the highest common divisor of 130 and 316108?
26
Calculate the highest common divisor of 204 and 17651616.
12
Calculate the highest common divisor of 106950 and 174747.
93
Calculate the highest common factor of 27287023 and 3417.
1139
What is the highest common factor of 4268197 and 1?
1
What is the greatest common divisor of 102175 and 150080?
335
Calculate the greatest common factor of 3 and 6353604.
3
Calculate the greatest common factor of 1494 and 5822865.
747
What is the highest common divisor of 17340093 and 39843?
2097
Calculate the highest common divisor of 2967 and 161448015.
129
Calculate the highest common divisor of 319 and 37100773.
29
What is the highest common factor of 47348 and 155483?
89
Calculate the highest common divisor of 2477735 and 130.
65
Calculate the greatest common factor of 2099836710 and 90.
90
What is the greatest common divisor of 30 and 698085?
15
What is the highest common divisor of 212502 and 49541?
107
What is the greatest common factor of 2550 and 55805?
5
Calculate the highest common factor of 672 and 5968536.
168
Calculate the highest common factor of 579 and 1348467.
3
Calculate the highest common divisor of 36404680 and 14.
2
Calculate the highest common factor of 13383878 and 25730.
62
What is the greatest common factor of 185 and 71249235?
185
Calculate the greatest common factor of 111 and 1574699724.
111
What is the highest common divisor of 2449 and 176731?
31
What is the highest common divisor of 390 and 12888174?
78
What is the greatest common divisor of 441 and 391750149?
147
What is the highest common factor of 378844 and 17898592?
7148
Calculate the greatest common factor of 2379 and 73424.
13
What is the highest common factor of 1020 and 5263980?
60
What is the highest common factor of 6894 and 83862?
18
Calculate the highest common divisor of 3654 and 2613219.
609
Calculate the greatest common divisor of 230 and 1165674040.
230
Calculate the highest common divisor of 6 and 80160123.
3
Calculate the greatest common factor of 120 and 23195.
5
What is the greatest common factor of 488287188 and 20984?
10492
Calculate the highest common factor of 33064928 and 15860.
3172
What is the highest common factor of 22 and 13758866?
22
What is the highest common divisor of 1477 and 36421?
7
Calculate the highest common divisor of 985481 and 301.
7
What is the greatest common divisor of 1230 and 530170?
10
What is the greatest common divisor of 3875 and 1733384375?
3875
Calculate the greatest common factor of 166696 and 3110.
622
Calculate the highest common divisor of 38784 and 211494.
606
Calculate the greatest common divisor of 242 and 227027702.
242
Calculate the highest common factor of 49036837 and 24237.
2693
What is the highest common divisor of 479 and 57931697?
479
What is the highest common factor of 24 and 42477078?
6
What is the greatest common factor of 8555788 and 776?
388
Calculate the highest common divisor of 480701 and 867703.
359
What is the highest common divisor of 73701 and 169632?
171
What is the highest common divisor of 91871970 and 15?
15
Calculate the highest common factor of 1219859 and 19.
1
What is the highest common factor of 11897990 and 80?
10
What is the greatest common divisor of 267 and 206028?
3
What is the highest common factor of 2295668 and 432?
4
Calculate the greatest common divisor of 1147892 and 50.
2
What is the highest common divisor of 2319734 and 11394?
422
Calculate the greatest common divisor of 655 and 113990.
5
Calculate the highest common factor of 242109 and 377496.
441
Calculate the highest common factor of 1188 and 37227564.
396
What is the highest common factor of 55700 and 112300?
100
Calculate the greatest common factor of 194832 and 1006192.
176
Calculate the greatest common divisor of 876 and 1143399.
219
Calculate the highest common divisor of 3250 and 16577392.
26
Calculate the highest common divisor of 574 and 5364768.
82
Calculate the greatest common divisor of 910 and 14048320.
130
Calculate the greatest common divisor of 110 and 117927535.
55
Calculate the highest common factor of 4240773 and 573.
573
What is the greatest common divisor of 17144492 and 11684?
508
Calculate the greatest common divisor of 1831221 and 9387.
63
Calculate the highest common factor of 12 and 20561656.
4
Calculate the greatest common factor of 6 and 1364698.
2
Calculate the highest common factor of 11844 and 39580674.
1974
Calculate the highest common divisor of 2068209 and 128128.
143
What is the greatest common factor of 62 and 10466778?
62
What is the highest common factor of 42 and 21248276?
14
What is the highest common factor of 17867 and 82399?
17
Calculate the greatest common divisor of 419632133 and 37.
37
What is the greatest common divisor of 3002664 and 114828?
84
What is the greatest common divisor of 52 and 126506211?
13
What is the greatest common factor of 42 and 1329398?
14
Calculate the greatest common factor of 244478 and 2.
2
Calculate the highest common divisor of 58547138 and 11965.
2393
What is the greatest common divisor of 5491 and 15580279?
289
Calculate the greatest common factor of 2835 and 234465.
105
Calculate the highest common factor of 10058624 and 320.
64
What is the highest common divisor of 247679 and 1159408?
233
What is the greatest common divisor of 1041 and 503566053?
1041
What is the highest common divisor of 2685076185 and 13519?
13519
What is the highest common factor of 6 and 47032644?
6
What is the highest common divisor of 3981798201 and 501?
501
Calculate the greatest common divisor of 654768 and 3600.
144
Calculate the highest common divisor of 63230787 and 60.
3
What is the greatest common divisor of 155 and 11095427?
31
What is the greatest common divisor of 14405676 and 708?
708
What is the greatest common divisor of 1396989 and 450045?
1233
Calculate the highest common divisor of 1088 and 22877716.
68
Calculate the highest common divisor of 399206593 and 1651.
127
Calculate the highest common factor of 4153523928 and 12.
12
Calculate the highest common divisor of 269093 and 19193.
17
Calculate the greatest common factor of 22408 and 358785692.
11204
What is the greatest common divisor of 6696548 and 7852?
604
Calculate the greatest common divisor of 688 and 53540762.
86
Calculate the greatest common factor of 66150 and 1499850.
1350
What is the greatest common factor of 2246 and 132514?
2246
What is the highest common factor of 6810 and 63689390?
2270
Calculate the highest common divisor of 2576394544 and 1448.
1448
Calculate the greatest common factor of 3659688 and 1296.
216
What is the highest common factor of 1176327 and 17023?
29
Calculate the greatest common divisor of 3294 and 11883654.
1098
Calculate the greatest common divisor of 90106260 and 15645.
2235
What is the greatest common factor of 2602574 and 3419?
13
What is the highest common factor of 15702768 and 2904?
24
What is the greatest common divisor of 2998513 and 35?
7
Calculate the highest common factor of 30102 and 106146.
6
Calculate the highest common divisor of 90 and 750735.
45
What is the greatest common factor of 40650690 and 114?
114
Calculate the greatest common divisor of 5342740 and 30.
10
Calc